{"id":441,"date":"2021-10-13T10:18:22","date_gmt":"2021-10-13T10:18:22","guid":{"rendered":"https:\/\/oanaispir.art\/?post_type=product&#038;p=441"},"modified":"2023-12-19T18:57:17","modified_gmt":"2023-12-19T18:57:17","slug":"blue-cat","status":"publish","type":"product","link":"https:\/\/oanaispir.art\/index.php\/product\/blue-cat\/","title":{"rendered":"Blue cat &#8211; A4 \/ Linocut"},"content":{"rendered":"","protected":false},"excerpt":{"rendered":"<p><span style=\"font-weight: 400;\">Linogravur\u0103 imprimat\u0103 la pres\u0103 mecanic\u0103, de pe o plac\u0103 s\u0103pat\u0103 \u00een linoleum. Lucr\u0103rile de gravur\u0103 nu sunt reproduceri ci originale provenite din aceea\u0219i matri\u021b\u0103 \u0219i pot diferi u\u0219or \u00eentre ele \u00een cadrul unei edi\u021bii.<\/span><\/p>\n<p><span style=\"font-weight: 400;\">Cerneal\u0103 Caligo Safe Wash pe h\u00e2rtie Fabriano Unica de 250 g\/m\u00b2 f\u0103r\u0103 acid. Prin folosirea cernelii speciale de gravur\u0103 se ob\u021bin culori inaccesibile unei imprimate, fiind vorba \u00een primul caz de o culoare solid\u0103 versus reproducere prin amestec optic pe h\u00e2rtie a culorilor CMYK \u00een al doilea caz. H\u00e2rtia f\u0103r\u0103 acizi \u0219i cerneala cu pigmen\u021bi rezisten\u021bi la lumin\u0103 vor p\u0103stra lucrarea \u00een aceea\u0219i stare o perioad\u0103 extrem de lung\u0103, f\u0103r\u0103 \u00eeng\u0103lbenire, f\u0103r\u0103 decolorare.<\/span><\/p>\n<p><span style=\"font-weight: 400;\">Edi\u021bie deschis\u0103 semnat\u0103 \u0219i datat\u0103 cu grafit \u00een subsolul imaginii.\u00a0<\/span><\/p>\n<p><span style=\"font-weight: 400;\">Dimensiune h\u00e2rtie 21 x 30 cm<\/span><\/p>\n<p><span style=\"font-weight: 400;\">Se potrive\u0219te \u00eentr-o ram\u0103 tipic\u0103 de 21&#215;30 cm sau \u00eentr-o ram\u0103 de 30&#215;40 cu paspartu decupat de 21&#215;30 cm.<\/span><\/p>\n<p>Livrare gratuit\u0103 pe teritoriul Rom\u00e2niei.<\/p>\n","protected":false},"featured_media":701,"template":"","meta":[],"product_brand":[],"product_cat":[16],"product_tag":[43,67,40,83,41,46,23,42,47,100,99],"class_list":{"0":"post-441","1":"product","2":"type-product","3":"status-publish","4":"has-post-thumbnail","6":"product_cat-linogravura-manuala","7":"product_tag-artist-roman","8":"product_tag-copilarie","9":"product_tag-ilustratie","10":"product_tag-ilustrator","11":"product_tag-linogravura","12":"product_tag-mata","13":"product_tag-natura","14":"product_tag-oana-ispir","15":"product_tag-pisica","16":"product_tag-relaxare","17":"product_tag-visare","19":"first","20":"outofstock","21":"shipping-taxable","22":"purchasable","23":"product-type-simple"},"_links":{"self":[{"href":"https:\/\/oanaispir.art\/index.php\/wp-json\/wp\/v2\/product\/441","targetHints":{"allow":["GET"]}}],"collection":[{"href":"https:\/\/oanaispir.art\/index.php\/wp-json\/wp\/v2\/product"}],"about":[{"href":"https:\/\/oanaispir.art\/index.php\/wp-json\/wp\/v2\/types\/product"}],"wp:featuredmedia":[{"embeddable":true,"href":"https:\/\/oanaispir.art\/index.php\/wp-json\/wp\/v2\/media\/701"}],"wp:attachment":[{"href":"https:\/\/oanaispir.art\/index.php\/wp-json\/wp\/v2\/media?parent=441"}],"wp:term":[{"taxonomy":"product_brand","embeddable":true,"href":"https:\/\/oanaispir.art\/index.php\/wp-json\/wp\/v2\/product_brand?post=441"},{"taxonomy":"product_cat","embeddable":true,"href":"https:\/\/oanaispir.art\/index.php\/wp-json\/wp\/v2\/product_cat?post=441"},{"taxonomy":"product_tag","embeddable":true,"href":"https:\/\/oanaispir.art\/index.php\/wp-json\/wp\/v2\/product_tag?post=441"}],"curies":[{"name":"wp","href":"https:\/\/api.w.org\/{rel}","templated":true}]}}