{"id":898,"date":"2025-05-07T10:25:20","date_gmt":"2025-05-07T10:25:20","guid":{"rendered":"https:\/\/oanaispir.art\/?post_type=product&#038;p=898"},"modified":"2025-11-15T10:15:56","modified_gmt":"2025-11-15T10:15:56","slug":"blue-2","status":"publish","type":"product","link":"https:\/\/oanaispir.art\/index.php\/product\/blue-2\/","title":{"rendered":"Blue \u2013 A4 \/ Linocut"},"content":{"rendered":"","protected":false},"excerpt":{"rendered":"<p>Blue &#8211; e o lucrare despre optimism \u0219i speran\u021b\u0103, z\u0103rite cu coada ochiului \u00een detaliile mici ale lumii din jur. O rememorare a faptului c\u0103 amintirile se compun din mici fr\u00e2nturi de aten\u021bie la prezent,<\/p>\n<p><span style=\"font-weight: 400;\">Serie mic\u0103 de linogravuri, imprimate de pe o plac\u0103 s\u0103pat\u0103 cu dalta \u00een linoleum. <\/span><span style=\"font-weight: 400;\">\u00a0Lucr\u0103rile de gravur\u0103 nu sunt reproduceri ci originale provenite din aceea\u0219i matri\u021b\u0103 \u0219i pot diferi u\u0219or \u00eentre ele \u00een cadrul unei edi\u021bii.\u00a0<\/span><\/p>\n<p><span style=\"font-weight: 400;\">Tehnic\u0103 mixt\u0103 de linogravur\u0103 \u0219i stencil pe h\u00e2rtie Fabriano Unica de 250 g\/m\u00b2 f\u0103r\u0103 acizi.\u00a0 H\u00e2rtia f\u0103r\u0103 acizi \u0219i culorile cu pigmen\u021bi rezisten\u021bi la lumin\u0103 vor p\u0103stra lucrarea zeci de ani f\u0103r\u0103 \u00eeng\u0103lbenire sau decolorare.<\/span><\/p>\n<p><span style=\"font-weight: 400;\">Edi\u021bie deschis\u0103, semnat\u0103 \u0219i datat\u0103 cu grafit pe fa\u021b\u0103, \u00een parte de jos.\u00a0<\/span><\/p>\n<p><span style=\"font-weight: 400;\">Dimensiune h\u00e2rtie 21 x 30 cm<\/span><\/p>\n<p><span style=\"font-weight: 400;\">Rama ideal\u0103 ar fi una standard, de 30&#215;40, cu paspartu decupat de 21&#215;30 cm, pentru a ad\u0103uga spa\u021biu gol \u00een jurul acestei lucr\u0103ri compacte. Aceast\u0103 m\u0103rime e u\u0219or de g\u0103sit ca prefabricat\u0103 \u00een magazinele de decora\u021biuni. Un paspartu sau o ram\u0103 color, comandate la un atelier de \u00eenr\u0103m\u0103ri pot apropia \u00eens\u0103 mai mult lucrarea de ansamblul camerei.<\/span><\/p>\n<p>Livrare gratuit\u0103 pe teritoriul Rom\u00e2niei.<\/p>\n","protected":false},"featured_media":897,"template":"","meta":[],"product_brand":[],"product_cat":[16],"product_tag":[120,43,40,83,41,23,42,88,99],"class_list":{"0":"post-898","1":"product","2":"type-product","3":"status-publish","4":"has-post-thumbnail","6":"product_cat-linogravura-manuala","7":"product_tag-art-print","8":"product_tag-artist-roman","9":"product_tag-ilustratie","10":"product_tag-ilustrator","11":"product_tag-linogravura","12":"product_tag-natura","13":"product_tag-oana-ispir","14":"product_tag-pasari","15":"product_tag-visare","17":"first","18":"instock","19":"shipping-taxable","20":"purchasable","21":"product-type-simple"},"_links":{"self":[{"href":"https:\/\/oanaispir.art\/index.php\/wp-json\/wp\/v2\/product\/898","targetHints":{"allow":["GET"]}}],"collection":[{"href":"https:\/\/oanaispir.art\/index.php\/wp-json\/wp\/v2\/product"}],"about":[{"href":"https:\/\/oanaispir.art\/index.php\/wp-json\/wp\/v2\/types\/product"}],"wp:featuredmedia":[{"embeddable":true,"href":"https:\/\/oanaispir.art\/index.php\/wp-json\/wp\/v2\/media\/897"}],"wp:attachment":[{"href":"https:\/\/oanaispir.art\/index.php\/wp-json\/wp\/v2\/media?parent=898"}],"wp:term":[{"taxonomy":"product_brand","embeddable":true,"href":"https:\/\/oanaispir.art\/index.php\/wp-json\/wp\/v2\/product_brand?post=898"},{"taxonomy":"product_cat","embeddable":true,"href":"https:\/\/oanaispir.art\/index.php\/wp-json\/wp\/v2\/product_cat?post=898"},{"taxonomy":"product_tag","embeddable":true,"href":"https:\/\/oanaispir.art\/index.php\/wp-json\/wp\/v2\/product_tag?post=898"}],"curies":[{"name":"wp","href":"https:\/\/api.w.org\/{rel}","templated":true}]}}